{"id":1448,"date":"2022-08-25T13:27:00","date_gmt":"2022-08-25T13:27:00","guid":{"rendered":"https:\/\/www.pedikura-martina-zlin.cz\/?page_id=1448"},"modified":"2024-05-01T18:24:36","modified_gmt":"2024-05-01T18:24:36","slug":"home","status":"publish","type":"page","link":"https:\/\/www.pedikura-martina-zlin.cz\/","title":{"rendered":"Home"},"content":{"rendered":"\t\t<div data-elementor-type=\"wp-page\" data-elementor-id=\"1448\" class=\"elementor elementor-1448\">\n\t\t\t\t\t\t\t\t\t<section class=\"elementor-section elementor-top-section elementor-element elementor-element-0a002a8 elementor-section-height-min-height elementor-section-items-top elementor-section-boxed elementor-section-height-default\" data-id=\"0a002a8\" data-element_type=\"section\" data-settings=\"{&quot;background_background&quot;:&quot;classic&quot;}\">\n\t\t\t\t\t\t\t<div class=\"elementor-background-overlay\"><\/div>\n\t\t\t\t\t\t\t<div class=\"elementor-container elementor-column-gap-default\">\n\t\t\t\t\t<div class=\"elementor-column elementor-col-100 elementor-top-column elementor-element elementor-element-8d46742\" data-id=\"8d46742\" data-element_type=\"column\">\n\t\t\t<div class=\"elementor-widget-wrap elementor-element-populated\">\n\t\t\t\t\t\t\t\t<div class=\"elementor-element elementor-element-7876f5c elementor-widget elementor-widget-spacer\" data-id=\"7876f5c\" data-element_type=\"widget\" data-widget_type=\"spacer.default\">\n\t\t\t\t<div class=\"elementor-widget-container\">\n\t\t\t<style>\/*! elementor - v3.13.2 - 11-05-2023 *\/\n.elementor-column .elementor-spacer-inner{height:var(--spacer-size)}.e-con{--container-widget-width:100%}.e-con-inner>.elementor-widget-spacer,.e-con>.elementor-widget-spacer{width:var(--container-widget-width,var(--spacer-size));--align-self:var(--container-widget-align-self,initial);--flex-shrink:0}.e-con-inner>.elementor-widget-spacer>.elementor-widget-container,.e-con-inner>.elementor-widget-spacer>.elementor-widget-container>.elementor-spacer,.e-con>.elementor-widget-spacer>.elementor-widget-container,.e-con>.elementor-widget-spacer>.elementor-widget-container>.elementor-spacer{height:100%}.e-con-inner>.elementor-widget-spacer>.elementor-widget-container>.elementor-spacer>.elementor-spacer-inner,.e-con>.elementor-widget-spacer>.elementor-widget-container>.elementor-spacer>.elementor-spacer-inner{height:var(--container-widget-height,var(--spacer-size))}<\/style>\t\t<div class=\"elementor-spacer\">\n\t\t\t<div class=\"elementor-spacer-inner\"><\/div>\n\t\t<\/div>\n\t\t\t\t<\/div>\n\t\t\t\t<\/div>\n\t\t\t\t<div class=\"elementor-element elementor-element-fbdc8cf elementor-widget elementor-widget-heading\" data-id=\"fbdc8cf\" data-element_type=\"widget\" data-widget_type=\"heading.default\">\n\t\t\t\t<div class=\"elementor-widget-container\">\n\t\t\t<style>\/*! elementor - v3.13.2 - 11-05-2023 *\/\n.elementor-heading-title{padding:0;margin:0;line-height:1}.elementor-widget-heading .elementor-heading-title[class*=elementor-size-]>a{color:inherit;font-size:inherit;line-height:inherit}.elementor-widget-heading .elementor-heading-title.elementor-size-small{font-size:15px}.elementor-widget-heading .elementor-heading-title.elementor-size-medium{font-size:19px}.elementor-widget-heading .elementor-heading-title.elementor-size-large{font-size:29px}.elementor-widget-heading .elementor-heading-title.elementor-size-xl{font-size:39px}.elementor-widget-heading .elementor-heading-title.elementor-size-xxl{font-size:59px}<\/style><h1 class=\"elementor-heading-title elementor-size-default\">pedik\u00fara martina<br>zl\u00edn<\/h1>\t\t<\/div>\n\t\t\t\t<\/div>\n\t\t\t\t<div class=\"elementor-element elementor-element-47069c6 elementor-widget elementor-widget-heading\" data-id=\"47069c6\" data-element_type=\"widget\" data-widget_type=\"heading.default\">\n\t\t\t\t<div class=\"elementor-widget-container\">\n\t\t\t<h2 class=\"elementor-heading-title elementor-size-small\">T\u0158\u00cdDA t. bATI 4091 - zl\u00edn - 76001<\/h2>\t\t<\/div>\n\t\t\t\t<\/div>\n\t\t\t\t\t<\/div>\n\t\t<\/div>\n\t\t\t\t\t\t\t<\/div>\n\t\t<\/section>\n\t\t\t\t<section class=\"elementor-section elementor-top-section elementor-element elementor-element-cbf1797 elementor-section-boxed elementor-section-height-default elementor-section-height-default\" data-id=\"cbf1797\" data-element_type=\"section\">\n\t\t\t\t\t\t<div class=\"elementor-container elementor-column-gap-default\">\n\t\t\t\t\t<div class=\"elementor-column elementor-col-100 elementor-top-column elementor-element elementor-element-fb0d573\" data-id=\"fb0d573\" data-element_type=\"column\">\n\t\t\t<div class=\"elementor-widget-wrap elementor-element-populated\">\n\t\t\t\t\t\t\t\t<div class=\"elementor-element elementor-element-e10eb29 elementor-widget elementor-widget-text-editor\" data-id=\"e10eb29\" data-element_type=\"widget\" data-widget_type=\"text-editor.default\">\n\t\t\t\t<div class=\"elementor-widget-container\">\n\t\t\t<style>\/*! elementor - v3.13.2 - 11-05-2023 *\/\n.elementor-widget-text-editor.elementor-drop-cap-view-stacked .elementor-drop-cap{background-color:#69727d;color:#fff}.elementor-widget-text-editor.elementor-drop-cap-view-framed .elementor-drop-cap{color:#69727d;border:3px solid;background-color:transparent}.elementor-widget-text-editor:not(.elementor-drop-cap-view-default) .elementor-drop-cap{margin-top:8px}.elementor-widget-text-editor:not(.elementor-drop-cap-view-default) .elementor-drop-cap-letter{width:1em;height:1em}.elementor-widget-text-editor .elementor-drop-cap{float:left;text-align:center;line-height:1;font-size:50px}.elementor-widget-text-editor .elementor-drop-cap-letter{display:inline-block}<\/style>\t\t\t\t\t\t\t\t\t\t<\/div>\n\t\t\t\t<\/div>\n\t\t\t\t<div class=\"elementor-element elementor-element-7fcc9dc elementor-widget elementor-widget-heading\" data-id=\"7fcc9dc\" data-element_type=\"widget\" data-widget_type=\"heading.default\">\n\t\t\t\t<div class=\"elementor-widget-container\">\n\t\t\t<h2 class=\"elementor-heading-title elementor-size-default\">V\u00edtejte na m\u00e9 str\u00e1nce<br>V\u011bnuji se odborn\u00e9 pedik\u00fa\u0159e v centru Zl\u00edna<\/h2>\t\t<\/div>\n\t\t\t\t<\/div>\n\t\t\t\t\t<\/div>\n\t\t<\/div>\n\t\t\t\t\t\t\t<\/div>\n\t\t<\/section>\n\t\t\t\t<section class=\"elementor-section elementor-top-section elementor-element elementor-element-aff6ae1 elementor-section-boxed elementor-section-height-default elementor-section-height-default\" data-id=\"aff6ae1\" data-element_type=\"section\">\n\t\t\t\t\t\t<div class=\"elementor-container elementor-column-gap-wide\">\n\t\t\t\t\t<div class=\"elementor-column elementor-col-50 elementor-top-column elementor-element elementor-element-9fec389\" data-id=\"9fec389\" data-element_type=\"column\">\n\t\t\t<div class=\"elementor-widget-wrap elementor-element-populated\">\n\t\t\t\t\t\t\t\t<div class=\"elementor-element elementor-element-53ab989 elementor-widget elementor-widget-image\" data-id=\"53ab989\" data-element_type=\"widget\" data-widget_type=\"image.default\">\n\t\t\t\t<div class=\"elementor-widget-container\">\n\t\t\t<style>\/*! elementor - v3.13.2 - 11-05-2023 *\/\n.elementor-widget-image{text-align:center}.elementor-widget-image a{display:inline-block}.elementor-widget-image a img[src$=\".svg\"]{width:48px}.elementor-widget-image img{vertical-align:middle;display:inline-block}<\/style>\t\t\t\t\t\t\t\t\t\t\t\t<img loading=\"lazy\" decoding=\"async\" width=\"1000\" height=\"666\" src=\"https:\/\/www.pedikura-martina-zlin.cz\/wp-content\/uploads\/2023\/05\/lakovani-nohy-2.png\" class=\"attachment-full size-full wp-image-1816\" alt=\"\" srcset=\"https:\/\/www.pedikura-martina-zlin.cz\/wp-content\/uploads\/2023\/05\/lakovani-nohy-2.png 1000w, https:\/\/www.pedikura-martina-zlin.cz\/wp-content\/uploads\/2023\/05\/lakovani-nohy-2-300x200.png 300w, https:\/\/www.pedikura-martina-zlin.cz\/wp-content\/uploads\/2023\/05\/lakovani-nohy-2-768x511.png 768w\" sizes=\"auto, (max-width: 1000px) 100vw, 1000px\" \/>\t\t\t\t\t\t\t\t\t\t\t\t\t\t\t<\/div>\n\t\t\t\t<\/div>\n\t\t\t\t<div class=\"elementor-element elementor-element-4dea650 elementor-widget elementor-widget-heading\" data-id=\"4dea650\" data-element_type=\"widget\" data-widget_type=\"heading.default\">\n\t\t\t\t<div class=\"elementor-widget-container\">\n\t\t\t<h4 class=\"elementor-heading-title elementor-size-default\">SLU\u017dBY<\/h4>\t\t<\/div>\n\t\t\t\t<\/div>\n\t\t\t\t<div class=\"elementor-element elementor-element-b5ddd55 elementor-widget elementor-widget-text-editor\" data-id=\"b5ddd55\" data-element_type=\"widget\" data-widget_type=\"text-editor.default\">\n\t\t\t\t<div class=\"elementor-widget-container\">\n\t\t\t\t\t\t\t<ul><li>Mokr\u00e1 ( kombinovan\u00e1) pedik\u00fara<\/li><li>Such\u00e1 (p\u0159\u00edstrojov\u00e1) pedik\u00fara<\/li><li>O\u0161et\u0159en\u00ed zar\u016fstaj\u00edc\u00edch neht\u016f &#8211; nehtov\u00e1 rovn\u00e1tka<\/li><li>Odstran\u011bn\u00ed zrohovat\u011bl\u00e9 k\u016f\u017ee, ku\u0159\u00edch ok..<\/li><li>\u00daprava neht\u016f<\/li><li>Lakov\u00e1n\u00ed neht\u016f &#8211; klasick\u00fd lak, gel lak\u00a0<\/li><\/ul>\t\t\t\t\t\t<\/div>\n\t\t\t\t<\/div>\n\t\t\t\t\t<\/div>\n\t\t<\/div>\n\t\t\t\t<div class=\"elementor-column elementor-col-50 elementor-top-column elementor-element elementor-element-f8352c5\" data-id=\"f8352c5\" data-element_type=\"column\">\n\t\t\t<div class=\"elementor-widget-wrap elementor-element-populated\">\n\t\t\t\t\t\t\t\t<div class=\"elementor-element elementor-element-00d516a elementor-widget elementor-widget-image\" data-id=\"00d516a\" data-element_type=\"widget\" data-widget_type=\"image.default\">\n\t\t\t\t<div class=\"elementor-widget-container\">\n\t\t\t\t\t\t\t\t\t\t\t\t\t\t\t<img loading=\"lazy\" decoding=\"async\" width=\"2560\" height=\"1707\" src=\"https:\/\/www.pedikura-martina-zlin.cz\/wp-content\/uploads\/2023\/05\/feet-and-flowers-scaled.jpg\" class=\"attachment-full size-full wp-image-1815\" alt=\"\" srcset=\"https:\/\/www.pedikura-martina-zlin.cz\/wp-content\/uploads\/2023\/05\/feet-and-flowers-scaled.jpg 2560w, https:\/\/www.pedikura-martina-zlin.cz\/wp-content\/uploads\/2023\/05\/feet-and-flowers-300x200.jpg 300w, https:\/\/www.pedikura-martina-zlin.cz\/wp-content\/uploads\/2023\/05\/feet-and-flowers-1024x683.jpg 1024w, https:\/\/www.pedikura-martina-zlin.cz\/wp-content\/uploads\/2023\/05\/feet-and-flowers-768x512.jpg 768w, https:\/\/www.pedikura-martina-zlin.cz\/wp-content\/uploads\/2023\/05\/feet-and-flowers-1536x1024.jpg 1536w, https:\/\/www.pedikura-martina-zlin.cz\/wp-content\/uploads\/2023\/05\/feet-and-flowers-2048x1365.jpg 2048w\" sizes=\"auto, (max-width: 2560px) 100vw, 2560px\" \/>\t\t\t\t\t\t\t\t\t\t\t\t\t\t\t<\/div>\n\t\t\t\t<\/div>\n\t\t\t\t<div class=\"elementor-element elementor-element-5774235 elementor-widget elementor-widget-heading\" data-id=\"5774235\" data-element_type=\"widget\" data-widget_type=\"heading.default\">\n\t\t\t\t<div class=\"elementor-widget-container\">\n\t\t\t<h4 class=\"elementor-heading-title elementor-size-default\">ZAR\u016eSTAJ\u00cdC\u00cd NEHTY<\/h4>\t\t<\/div>\n\t\t\t\t<\/div>\n\t\t\t\t<div class=\"elementor-element elementor-element-c35fb7e elementor-widget elementor-widget-text-editor\" data-id=\"c35fb7e\" data-element_type=\"widget\" data-widget_type=\"text-editor.default\">\n\t\t\t\t<div class=\"elementor-widget-container\">\n\t\t\t\t\t\t\t<p>D\u016fvod\u016f pro\u010d zar\u016fstaj\u00ed nehty je hodn\u011b, stejn\u011b jako mo\u017enost\u00ed jak tento probl\u00e9m vy\u0159e\u0161it.<\/p><p>V\u011bt\u0161ina ov\u0161em \u0159e\u0161\u00ed zar\u016fstaj\u00edc\u00ed nehty a\u017e na posledn\u00ed chv\u00edli, kdy u\u017e mnohdy m\u016f\u017ee pomoci akor\u00e1t chirurg a nehet \u010d\u00e1ste\u010dn\u011b strhne. Co\u017e je vlastn\u011b to nejradik\u00e1ln\u011bj\u0161\u00ed \u0159e\u0161en\u00ed a dost \u010dasto vede k po\u0161kozen\u00ed nehtov\u00e9ho l\u016f\u017eka a tedy k nenapraviteln\u00e9 deformaci nehtu.<\/p><p>J\u00e1 d\u00e1v\u00e1m p\u0159ednost neinvazivn\u00ed metod\u011b. Nejd\u016fle\u017eit\u011bj\u0161\u00ed je zjistit d\u016fvod pro\u010d nehet zar\u016fst\u00e1,\u00a0 a pot\u00e9 naj\u00edt nejlep\u0161\u00ed cestu jak tento probl\u00e9m vy\u0159e\u0161it.<\/p><p>\u00a0<\/p>\t\t\t\t\t\t<\/div>\n\t\t\t\t<\/div>\n\t\t\t\t\t<\/div>\n\t\t<\/div>\n\t\t\t\t\t\t\t<\/div>\n\t\t<\/section>\n\t\t\t\t<section class=\"elementor-section elementor-top-section elementor-element elementor-element-6e2f681 elementor-section-boxed elementor-section-height-default elementor-section-height-default\" data-id=\"6e2f681\" data-element_type=\"section\">\n\t\t\t\t\t\t<div class=\"elementor-container elementor-column-gap-wide\">\n\t\t\t\t\t<div class=\"elementor-column elementor-col-50 elementor-top-column elementor-element elementor-element-e8c6ac4\" data-id=\"e8c6ac4\" data-element_type=\"column\">\n\t\t\t<div class=\"elementor-widget-wrap elementor-element-populated\">\n\t\t\t\t\t\t\t\t<div class=\"elementor-element elementor-element-dfec25a elementor-widget elementor-widget-heading\" data-id=\"dfec25a\" data-element_type=\"widget\" data-widget_type=\"heading.default\">\n\t\t\t\t<div class=\"elementor-widget-container\">\n\t\t\t<h2 class=\"elementor-heading-title elementor-size-default\">JAK FUNGUJI<\/h2>\t\t<\/div>\n\t\t\t\t<\/div>\n\t\t\t\t<div class=\"elementor-element elementor-element-b9d0bf1 elementor-widget elementor-widget-text-editor\" data-id=\"b9d0bf1\" data-element_type=\"widget\" data-widget_type=\"text-editor.default\">\n\t\t\t\t<div class=\"elementor-widget-container\">\n\t\t\t\t\t\t\t<p>Oboru pedik\u00fara se v\u011bnuji ji\u017e od roku 2014.<\/p><p>Od t\u00e9 doby jsem stihla zalo\u017eit rodinu, roz\u0161\u00ed\u0159it sv\u00e9 znalosti na specializovan\u00fdch \u0161kolen\u00edch kter\u00e9 jsem absolvovala, ale hlavn\u011b jsem si ujasnila jak\u00fdm sm\u011brem se chci ub\u00edrat.<\/p><p>V praxi vid\u00edm \u017ee lid\u00e9 st\u00e1le pova\u017euj\u00ed pedik\u00faru za \u010dinnost kterou zvl\u00e1dnou doma &#8211; kdo by nezvl\u00e1dl ost\u0159\u00edhat nehty, \u017ee jo? Ano, ti co maj\u00ed nehty v po\u0159\u00e1dku ur\u010dit\u011b ano.\u00a0<\/p><p>Pedik\u00fara je ale mnohem v\u00edc. Je to m\u00edsto kde se m\u016f\u017eete vypov\u00eddat, n\u011bkte\u0159\u00ed zd\u0159\u00edmnout, n\u011bkte\u0159\u00ed v klidu vy\u0159\u00eddit telefony, n\u011bkte\u0159\u00ed si prost\u011b jen tak u\u017e\u00edt klid.. ale hlavn\u011b se dov\u00edte co je nejlep\u0161\u00ed pro va\u0161e nohy, jak o n\u011b pe\u010dovat, \u010deho se vyvarovat..<\/p><p>To v\u0161e ve velmi p\u0159\u00edjemn\u00e9m prost\u0159ed\u00ed.<\/p>\t\t\t\t\t\t<\/div>\n\t\t\t\t<\/div>\n\t\t\t\t\t<\/div>\n\t\t<\/div>\n\t\t\t\t<div class=\"elementor-column elementor-col-50 elementor-top-column elementor-element elementor-element-2851bf7\" data-id=\"2851bf7\" data-element_type=\"column\">\n\t\t\t<div class=\"elementor-widget-wrap elementor-element-populated\">\n\t\t\t\t\t\t\t\t<div class=\"elementor-element elementor-element-e3897f4 elementor-widget elementor-widget-image\" data-id=\"e3897f4\" data-element_type=\"widget\" data-widget_type=\"image.default\">\n\t\t\t\t<div class=\"elementor-widget-container\">\n\t\t\t\t\t\t\t\t\t\t\t\t\t\t\t<img loading=\"lazy\" decoding=\"async\" width=\"1024\" height=\"768\" src=\"https:\/\/www.pedikura-martina-zlin.cz\/wp-content\/uploads\/2023\/05\/feet-toes-barefoot-2358333-1024x768.jpg\" class=\"attachment-large size-large wp-image-1817\" alt=\"feet, toes, barefoot-2358333.jpg\" srcset=\"https:\/\/www.pedikura-martina-zlin.cz\/wp-content\/uploads\/2023\/05\/feet-toes-barefoot-2358333-1024x768.jpg 1024w, https:\/\/www.pedikura-martina-zlin.cz\/wp-content\/uploads\/2023\/05\/feet-toes-barefoot-2358333-300x225.jpg 300w, https:\/\/www.pedikura-martina-zlin.cz\/wp-content\/uploads\/2023\/05\/feet-toes-barefoot-2358333-768x576.jpg 768w, https:\/\/www.pedikura-martina-zlin.cz\/wp-content\/uploads\/2023\/05\/feet-toes-barefoot-2358333.jpg 1280w\" sizes=\"auto, (max-width: 1024px) 100vw, 1024px\" \/>\t\t\t\t\t\t\t\t\t\t\t\t\t\t\t<\/div>\n\t\t\t\t<\/div>\n\t\t\t\t\t<\/div>\n\t\t<\/div>\n\t\t\t\t\t\t\t<\/div>\n\t\t<\/section>\n\t\t\t\t<section class=\"elementor-section elementor-top-section elementor-element elementor-element-be8b1b9 elementor-section-content-middle elementor-section-boxed elementor-section-height-default elementor-section-height-default\" data-id=\"be8b1b9\" data-element_type=\"section\" data-settings=\"{&quot;background_background&quot;:&quot;classic&quot;}\">\n\t\t\t\t\t\t<div class=\"elementor-container elementor-column-gap-default\">\n\t\t\t\t\t<div class=\"elementor-column elementor-col-100 elementor-top-column elementor-element elementor-element-a45eb33\" data-id=\"a45eb33\" data-element_type=\"column\">\n\t\t\t<div class=\"elementor-widget-wrap elementor-element-populated\">\n\t\t\t\t\t\t\t\t<div class=\"elementor-element elementor-element-ed4759e elementor-widget elementor-widget-heading\" data-id=\"ed4759e\" data-element_type=\"widget\" data-widget_type=\"heading.default\">\n\t\t\t\t<div class=\"elementor-widget-container\">\n\t\t\t<h2 class=\"elementor-heading-title elementor-size-default\">kontakt<\/h2>\t\t<\/div>\n\t\t\t\t<\/div>\n\t\t\t\t<div class=\"elementor-element elementor-element-c4f7b91 elementor-widget elementor-widget-text-editor\" data-id=\"c4f7b91\" data-element_type=\"widget\" data-widget_type=\"text-editor.default\">\n\t\t\t\t<div class=\"elementor-widget-container\">\n\t\t\t\t\t\t\t<p>Pedik\u00fara Martina<\/p>\n<p>T\u0159\u00edda T. Bati 4091<\/p>\n<p>760 01 Zl\u00edn<\/p>\n<p>Tel.: 774 620 941<\/p>\t\t\t\t\t\t<\/div>\n\t\t\t\t<\/div>\n\t\t\t\t\t<\/div>\n\t\t<\/div>\n\t\t\t\t\t\t\t<\/div>\n\t\t<\/section>\n\t\t\t\t\t\t\t<\/div>\n\t\t","protected":false},"excerpt":{"rendered":"<p>pedik\u00fara martinazl\u00edn T\u0158\u00cdDA t. bATI 4091 &#8211; zl\u00edn &#8211; 76001 V\u00edtejte na m\u00e9 str\u00e1nceV\u011bnuji se odborn\u00e9 pedik\u00fa\u0159e v centru Zl\u00edna SLU\u017dBY Mokr\u00e1 ( kombinovan\u00e1) pedik\u00fara Such\u00e1 (p\u0159\u00edstrojov\u00e1) pedik\u00fara O\u0161et\u0159en\u00ed zar\u016fstaj\u00edc\u00edch neht\u016f &#8211; nehtov\u00e1 rovn\u00e1tka Odstran\u011bn\u00ed zrohovat\u011bl\u00e9 k\u016f\u017ee, ku\u0159\u00edch ok.. \u00daprava neht\u016f Lakov\u00e1n\u00ed neht\u016f &#8211; klasick\u00fd lak, gel lak\u00a0 ZAR\u016eSTAJ\u00cdC\u00cd NEHTY D\u016fvod\u016f pro\u010d zar\u016fstaj\u00ed nehty je &hellip;<\/p>\n<p class=\"read-more\"> <a class=\"\" href=\"https:\/\/www.pedikura-martina-zlin.cz\/\"> <span class=\"screen-reader-text\">Home<\/span> Pokra\u010dovat ve \u010dten\u00ed &raquo;<\/a><\/p>\n","protected":false},"author":1,"featured_media":0,"parent":0,"menu_order":0,"comment_status":"closed","ping_status":"closed","template":"","meta":{"site-sidebar-layout":"no-sidebar","site-content-layout":"page-builder","ast-global-header-display":"","ast-banner-title-visibility":"","ast-main-header-display":"","ast-hfb-above-header-display":"","ast-hfb-below-header-display":"","ast-hfb-mobile-header-display":"disabled","site-post-title":"disabled","ast-breadcrumbs-content":"","ast-featured-img":"disabled","footer-sml-layout":"","theme-transparent-header-meta":"enabled","adv-header-id-meta":"","stick-header-meta":"","header-above-stick-meta":"","header-main-stick-meta":"","header-below-stick-meta":"","footnotes":""},"class_list":["post-1448","page","type-page","status-publish","hentry"],"_links":{"self":[{"href":"https:\/\/www.pedikura-martina-zlin.cz\/index.php?rest_route=\/wp\/v2\/pages\/1448","targetHints":{"allow":["GET"]}}],"collection":[{"href":"https:\/\/www.pedikura-martina-zlin.cz\/index.php?rest_route=\/wp\/v2\/pages"}],"about":[{"href":"https:\/\/www.pedikura-martina-zlin.cz\/index.php?rest_route=\/wp\/v2\/types\/page"}],"author":[{"embeddable":true,"href":"https:\/\/www.pedikura-martina-zlin.cz\/index.php?rest_route=\/wp\/v2\/users\/1"}],"replies":[{"embeddable":true,"href":"https:\/\/www.pedikura-martina-zlin.cz\/index.php?rest_route=%2Fwp%2Fv2%2Fcomments&post=1448"}],"version-history":[{"count":17,"href":"https:\/\/www.pedikura-martina-zlin.cz\/index.php?rest_route=\/wp\/v2\/pages\/1448\/revisions"}],"predecessor-version":[{"id":1843,"href":"https:\/\/www.pedikura-martina-zlin.cz\/index.php?rest_route=\/wp\/v2\/pages\/1448\/revisions\/1843"}],"wp:attachment":[{"href":"https:\/\/www.pedikura-martina-zlin.cz\/index.php?rest_route=%2Fwp%2Fv2%2Fmedia&parent=1448"}],"curies":[{"name":"wp","href":"https:\/\/api.w.org\/{rel}","templated":true}]}}